 a composite number?
True
Is 5989126202 a composite number?
True
Is 51673357213 a composite number?
True
Is 9605870093 composite?
False
Is 1338243233 prime?
False
Is 883444147 a composite number?
False
Is 3958229911 prime?
False
Is 110818394261 prime?
False
Is 3840353323 a prime number?
True
Is 1145893513 composite?
True
Is 1965464257 a prime number?
False
Is 13881446597 a prime number?
True
Is 1940456615 composite?
True
Is 65078899 a composite number?
True
Is 5234796883 composite?
False
Is 8155991101 prime?
True
Is 2393327 a prime number?
True
Is 4871585361 a prime number?
False
Is 1275489087 prime?
False
Is 701412577 a composite number?
True
Is 654546709 composite?
True
Is 9383835611 a composite number?
False
Is 780619537 prime?
False
Is 641444383 a composite number?
True
Is 96888755147 composite?
False
Is 21290254501 a composite number?
False
Is 4918562359 prime?
True
Is 6335536343 prime?
True
Is 2443960153 composite?
False
Is 44425835 prime?
False
Is 90463097 composite?
True
Is 2081642657 a composite number?
True
Is 29250077665 a prime number?
False
Is 121774599761 prime?
True
Is 86625713 a prime number?
False
Is 40233440153 a composite number?
True
Is 19314809 prime?
True
Is 464994097 composite?
False
Is 451994453 a composite number?
True
Is 543478007 composite?
False
Is 46586975173 prime?
True
Is 57115375789 prime?
False
Is 6366691859 a prime number?
False
Is 382674601 prime?
True
Is 5297469187 composite?
False
Is 8804139161 a prime number?
True
Is 12340489646 composite?
True
Is 20767598947 prime?
True
Is 8518773277 composite?
True
Is 265154551 prime?
True
Is 435977191 a composite number?
True
Is 1640334151 prime?
True
Is 3995498951 composite?
False
Is 1290082685 a prime number?
False
Is 409806346 a prime number?
False
Is 19793125699 a composite number?
False
Is 3613737841 prime?
False
Is 40815231 a prime number?
False
Is 5055435149 prime?
True
Is 43116413 a prime number?
True
Is 113543341 a composite number?
True
Is 2699025557 a composite number?
True
Is 139030142 a prime number?
False
Is 45448751 composite?
True
Is 757321651 composite?
False
Is 1921471999 a composite number?
True
Is 940079879 prime?
True
Is 22003279559 a composite number?
False
Is 1110987257 a composite number?
True
Is 289988111 a prime number?
False
Is 380455759 prime?
True
Is 743311879 a prime number?
True
Is 12745227287 composite?
True
Is 3940016429 prime?
False
Is 8244229991 a prime number?
True
Is 528604733 a composite number?
False
Is 408975223 a prime number?
True
Is 39690792247 composite?
True
Is 572500661 a composite number?
True
Is 3595379209 a composite number?
True
Is 934389059 a prime number?
False
Is 1992338489 a prime number?
False
Is 85092861319 a composite number?
True
Is 50008793 prime?
False
Is 12113927339 a prime number?
False
Is 459535535 a composite number?
True
Is 4963366079 composite?
True
Is 599923057 a prime number?
False
Is 18354704113 composite?
False
Is 12949853933 a prime number?
True
Is 192970574219 a prime number?
False
Is 817843979 a composite number?
False
Is 29818449449 composite?
False
Is 14203126853 a composite number?
False
Is 1728565313 composite?
False
Is 2541814943 a prime number?
False
Is 6691504481 prime?
True
Is 84661487 a prime number?
True
Is 3754471451 prime?
True
Is 36290789 a composite number?
False
Is 796944977 prime?
True
Is 3833781691 composite?
True
Is 405981761 prime?
False
Is 8513638277 composite?
False
Is 18126635447 prime?
True
Is 4480177369 a composite number?
True
Is 32769657641 a prime number?
False
Is 774958183 composite?
False
Is 933127529 composite?
False
Is 3204762667 a prime number?
False
Is 2372905037 prime?
True
Is 54130141 prime?
False
Is 18673982281 composite?
False
Is 1204553099 prime?
True
Is 13591009157 a composite number?
True
Is 978056213 a prime number?
False
Is 3032452597 a composite number?
False
Is 3887559547 composite?
True
Is 462554987 prime?
False
Is 445872893 a prime number?
False
Is 4287765187 prime?
True
Is 32014159 a prime number?
True
Is 1710743131 prime?
False
Is 120523961021 a composite number?
True
Is 7303700101 prime?
True
Is 395254707 composite?
True
Is 639492043 composite?
True
Is 15606560131 composite?
False
Is 1271480383 a composite number?
True
Is 2536395487 a composite number?
False
Is 16620362833 a composite number?
True
Is 5211262997 a composite number?
True
Is 24615925717 prime?
True
Is 557259953 prime?
False
Is 65841984679 prime?
True
Is 1562161129 a prime number?
True
Is 3657627191 a composite number?
False
Is 220111579 a prime number?
False
Is 91202883141 a composite number?
True
Is 15230492411 composite?
False
Is 3098176847 prime?
True
Is 579591413 a composite number?
True
Is 81596353 a prime number?
True
Is 858124051 a composite number?
True
Is 1257295019 a prime number?
True
Is 5824075057 composite?
True
Is 281159491 a prime number?
False
Is 1552313134 a prime number?
False
Is 12495878183 prime?
False
Is 1525193819 a composite number?
False
Is 589891769 a prime number?
True
Is 830787533 prime?
False
Is 33806245971 a composite number?
True
Is 544481045 composite?
True
Is 10775364841 composite?
False
Is 29404757 prime?
True
Is 37107041 a prime number?
False
Is 1621211551 prime?
True
Is 1300198513 a prime number?
False
Is 1071537431 composite?
False
Is 47607665783 composite?
False
Is 1249156907 a composite number?
True
Is 367378697 prime?
False
Is 5592229429 a prime number?
True
Is 2165368331 a composite number?
True
Is 304502071 a composite number?
True
Is 29332685329 composite?
True
Is 435724475887 composite?
False
Is 3480567241 a prime number?
True
Is 483807701 prime?
False
Is 7903779749 a prime number?
True
Is 8447867771 a prime number?
False
Is 12125985847 a composite number?
True
Is 1496743694 a prime number?
False
Is 76571032679 a prime number?
False
Is 202470571 a prime number?
True
Is 3180484003 a composite number?
True
Is 21504417349 a prime number?
True
Is 189822109 prime?
True
Is 3624868561 a composite number?
True
Is 5799616897 a prime number?
True
Is 28291446487 a composite number?
False
Is 1277992259 a composite number?
True
Is 1462634911 composite?
False
Is 254979973 a composite number?
False
Is 3175436333 a composite number?
True
Is 6292747457 prime?
False
Is 9414466811 a composite number?
True
Is 438345605 prime?
False
Is 1564958663 a prime number?
False
Is 3629854651 a composite number?
True
Is 4027643439 a composite number?
True
Is 3301903978 a composite number?
True
Is 74277584603 a prime number?
False
Is 2198842979 composite?
True
Is 810543641 a composite number?
True
Is 3391568029 composite?
True
Is 2393193515 a prime number?
False
Is 1440919873 a composite number?
False
Is 47054561 a prime number?
False
Is 53559257 prime?
False
Is 250739683 a prime number?
True
Is 30368843 a composite number?
False
Is 17278637237 prime?
False
Is 4128306373 prime?
False
Is 5054108809 composite?
True
Is 1211200433 composite?
False
Is 213516209 a prime number?
False
Is 485051581 a prime number?
False
Is 113611333 prime?
False
Is 1496917 composite?
False
Is 2708015879 prime?
True
Is 20529422687 a prime number?
True
Is 776199211 a prime number?
False
Is 20954078261 prime?
False
Is 3887270963 composite?
True
Is 235992623443 prime?
True
Is 7436081791 a prime number?
True
Is 1368332687 composite?
False
Is 3862144523 prime?
False
Is 20348786749 prime?
False
Is 10319397497 composite?
True
Is 7008424409 a composite number?
True
Is 1227027899 a composite number?
True
Is 1962803899 prime?
False
Is 24800686241 composite?
True
Is 7638764429 prime?
True
Is 1247051321 a composite number?
False
Is 3211792387 a prime number?
True
Is 11431680191 a prime number?
True
Is 19577301521 prime?
True
Is 585870517 a composite number?
False
Is 19381808093 a composite number?
False
Is 16413632177 a prime number?
False
Is 24126328409 prime?
False
Is 15944071681 prime?
False
Is 14419274987 a composite number?
True
Is 1180374113 a composite number?
True
Is 836125813 prime?
False
Is 25509307385 composite?
True
Is 104494679 composite?
False
Is 1139950477 prime?
True
Is 86389449827 prime?
True
Is 116274412777 prime?
True
Is 4738345543 a prime number?
False
Is 1924172618 composite?
True
Is 26905056289 composite?
True
Is 1310081057 a prime number?
True
Is 95748523231 composite?
False
Is 10066815